**2 - 3. Let j be x(-4). Suppose j + 38 = 3*s. What is the remainder when 0 + -1 + 1 - -33 is divided by s?
16
Let l(y) = -y**3 - 2*y**2 - y + 1. Suppose 5*w + n = 120, -2*w - n + 3 = -42. What is the remainder when w is divided by l(-3)?
12
Let q = 0 + 2. Let d(l) = -q*l + 0*l - 6 - l - l. Calculate the remainder when d(-7) is divided by 8.
6
Let z(y) = -y**2 + 9*y + 3. Calculate the remainder when z(8) is divided by 3.
2
Suppose 137 = 4*t - 11. Let y(j) = 2*j**2 - 3*j + 5. Let k(u) = u**2 + u - 1. Let n(b) = 3*k(b) - y(b). Calculate the remainder when t is divided by n(-9).
18
Let x(z) = z**2 + 3*z + 5. Let j(u) = -48*u + 14. What is the remainder when j(0) is divided by x(-4)?
5
Let o = 4 - 4. Suppose 3*n - 30 = -o*n. Calculate the remainder when 37 is divided by n.
7
Let h(i) = -i**2 + 6*i - 4. Let l be 9 - 3 - (0 + 3). Suppose -4*p + o + 11 = 1, 12 = 2*p + l*o. Calculate the remainder when h(4) is divided by p.
1
Suppose -4*p - 20 = -4. Let c = 3 + p. Let o = 8 - c. Calculate the remainder when 26 is divided by o.
8
Let v be (-2)/8 - 15/(-12). Let p(n) = 9*n + 1. Let i be p(v). Suppose -5*f - i = 0, -5*q + 160 = -q + 2*f. Calculate the remainder when q is divided by 21.
20
Let d = -73 - -108. What is the remainder when d is divided by 14?
7
Let a = -24 + 64. What is the remainder when a is divided by 15?
10
Calculate the remainder when (-620)/(-6) - ((-15)/9)/(-5) is divided by 30.
13
Suppose 0 = -3*u + u + 24. Suppose -l = 4*z - 30 - 9, -2*z = -2*l - u. What is the remainder when 16 is divided by z?
7
Let s(p) = -6*p - 1. Let m = 72 + -16. Calculate the remainder when m is divided by s(-5).
27
Let p = -27 - -40. What is the remainder when 38 is divided by p?
12
What is the remainder when 42 - (-4)/((-12)/(-3)) is divided by 15?
13
Calculate the remainder when 274/8 + 4/(-16) is divided by 12.
10
Suppose 3*s - 70 - 98 = 0. Calculate the remainder when s is divided by 20.
16
Let p(h) be the first derivative of h**3/3 - 3*h**2/2 + 3*h - 4. Calculate the remainder when p(-4) is divided by 8.
7
Suppose 3*d - 2*d = 70. Suppose -4*g = 3*f - 241, g + 7 - d = 2*f. Suppose 0 = -2*j - 3*y + g + 3, 20 = -5*y. Calculate the remainder when j is divided by 13.
12
Let a(j) = 8*j + 7. What is the remainder when a(5) is divided by 16?
15
Let v(t) = t**2 + 8*t + 24. What is the remainder when 20 is divided by v(-6)?
8
What is the remainder when 1/5 + 804/30 is divided by (5 + -2)*42/18?
6
Suppose -d + 3*c = -6, 30*d = 35*d - 2*c - 56. Let z = 62 + -28. What is the remainder when z is divided by d?
10
Suppose 2*f + 13 - 35 = 0. Calculate the remainder when 52 is divided by f.
8
Let v(f) = f**3 - 6*f**2 - 5*f + 9. Calculate the remainder when 136 is divided by v(7).
21
Let q = 29 - 3. Suppose -3*x = 4*u - 65, 2*u = x - 1 + q. Calculate the remainder when u is divided by 4.
2
Let l(a) = -a**2 + 2 + 0*a**2 + 3*a - 4*a**3 + 3*a**3. Let o be l(-2). What is the remainder when -1 + o + 8*6 is divided by 16?
15
Let b be 0/1*(0 - 1). Suppose -6*g = -b*g - 18. Calculate the remainder when 5 is divided by g.
2
Suppose 2*p = -p - 5*k + 19, 5*k - 7 = p. Let j = -4 + 8. Let c = p + j. Calculate the remainder when 20 is divided by c.
6
Suppose -2*u = 3*u. Suppose y - 8 = -a, u = 3*y + a + 7 - 33. Let n = -15 + 32. Calculate the remainder when n is divided by y.
8
Let z be -2 + (3 - (-3)/3). Calculate the remainder when 0/1 + (z - -5) is divided by (-3*1)/(6/(-4)).
1
Let l = 19 + -11. Calculate the remainder when 38 is divided by l.
6
Suppose -2*u - 8 + 4 = 0. What is the remainder when 24 is divided by (-27)/u*4/6?
6
Let d(q) = -3*q - 5. Suppose 0 = i - 2*i - 58. Let k = 96 + i. Calculate the remainder when k is divided by d(-6).
12
Let m = 190 - 136. Suppose 0 = -r - r + 28. Calculate the remainder when m is divided by r.
12
Suppose -u - 4*x = -2*x - 15, u - 14 = -x. Suppose -a - 2*p + 10 = -3*a, 0 = 4*p - 12. Let b(l) = -3*l + 1. What is the remainder when u is divided by b(a)?
6
Suppose -3*u + 40 = u. Suppose 5*l = u*l - 110. Calculate the remainder when 85 is divided by l.
19
Suppose -3*g - 4 + 40 = 0. Let l = g + -8. What is the remainder when 10/l - (-2)/(-4) is divided by 2?
0
Suppose -174 = 3*v + 3*x, v - 8*x = -4*x - 48. Let g be 2/4 - (-2050)/20. Let b = v + g. What is the remainder when b is divided by 16?
15
Let x be (-27)/(-6) - 2/4. Suppose -x*o + 0*o = -140. Suppose b = 14 - 2. What is the remainder when o is divided by b?
11
Let w be 0*2/(4/2). Let i be 32 - -2*3/6. Suppose 0*s - 3*s + i = w. What is the remainder when s is divided by 6?
5
Suppose -35 = -5*s - 0*s. What is the remainder when 135/7 + (-4)/14 is divided by s?
5
Let q = 0 + 1. Let x(u) be the third derivative of u**6/12 + u**4/24 - u**3/6 - u**2. What is the remainder when x(q) is divided by 6?
4
Suppose t = 5*a + 195, 3*t - 3*a - 929 + 284 = 0. What is the remainder when 43 is divided by 3/2*t/15?
21
Let z be 3057/(-27) + 2/9. Let r = z - -49. Let w = 98 + r. Calculate the remainder when w is divided by 18.
16
Let g = 21 - 14. Suppose -g + 202 = 5*r. What is the remainder when r is divided by 14?
11
Suppose 18 = 3*i + 2*i - x, 4*x + 3 = -3*i. Suppose -i*q = -2*q - 4. What is the remainder when q is divided by (-8)/(-12) + (-4)/(-3)?
0
Let d(i) = 7*i - 4. Let y be d(-2). Calculate the remainder when (4/(-3))/(3/y) is divided by 2.
0
What is the remainder when 45 is divided by (-3 + (-7)/(-1))/((-2)/(-4))?
5
Let q = -11 - -15. Let s(b) = -b**2 + 3*b + 5. Calculate the remainder when s(q) is divided by 1.
0
What is the remainder when 183/9 + 3/(-9) is divided by 7?
6
Let y(n) = -n**3 + 13*n**2 + 8*n - 6. Let g = -14 + 27. What is the remainder when y(g) is divided by 33?
32
Let l(w) = -10*w - 27. Calculate the remainder when l(-7) is divided by 27.
16
Let n be ((-12)/14)/((-27)/126). Suppose -q + 50 = 5*d, 0*d - 4*d + n*q = -16. Calculate the remainder when d is divided by 5.
4
Let w(n) = 19*n - 4. Suppose 0 = -j - 0*j + 3. Calculate the remainder when w(j) is divided by 18.
17
Suppose -2*t + 41 = -5*d, 0*t = t + 4*d + 12. Calculate the remainder when t is divided by 6.
2
What is the remainder when (-2)/(-6)*(5 + 58) is divided by 12?
9
Let q be -1 - 1 - (18 + -11). Let w(d) = -d**2 - 9*d + 11. What is the remainder when 19 is divided by w(q)?
8
Suppose 2 = -0*c + c + 5*j, 3*c - 6 = 3*j. Suppose -c*x + 5*x - 87 = 0. Calculate the remainder when x is divided by 15.
14
Suppose 29*j - 33 = 26*j. What is the remainder when 19 is divided by j?
8
Let b = -30 + 50. Suppose -9 - 68 = l. What is the remainder when b is divided by (1 - 4)/(33/l)?
6
Let f(s) = 0 - 2*s + 0 - s**2 + 0*s**2. Let o be f(-2). Let c(a) = -a + 5. What is the remainder when 14 is divided by c(o)?
4
Suppose 0 = -2*n - 6 + 16. Suppose t = n*t + 4. Let q(y) = 18*y**2 + 1. What is the remainder when 56 is divided by q(t)?
18
Suppose 0 = 5*a + x - 128, -4*x - 138 = a - 6*a. Suppose 3*h = -5*l - 0*l - 20, l = -3*h - 4. What is the remainder when a is divided by 1/(2/18 + h)?
8
Calculate the remainder when 44 is divided by 27/(-15)*100/(-12).
14
Suppose -2*j = 7*j - 243. What is the remainder when j is divided by 7?
6
Calculate the remainder when 2211/22*2/3 is divided by 14.
11
Let n = 21 - -14. Calculate the remainder when n is divided by 19.
16
Let x = 81 + -43. What is the remainder when x is divided by 10?
8
Suppose -9*x = -2*x - 77. Suppose -215 = -2*t - 3*t. Calculate the remainder when t is divided by x.
10
Let c = -34 + 59. Let y = -15 + c. Calculate the remainder when y is divided by 4.
2
Let x = 5 + 8. Suppose 0*l = -l + x. Calculate the remainder when 24 is divided by l.
11
Suppose -4*o + 3 = -5. What is the remainder when 4 is divided by o/(-7) + (-207)/(-63)?
1
Suppose 3*y = s - 6*s + 41, 5*y + 55 = 4*s. Suppose 12 = -3*w - 5*k - 2, -3*w - s = k. What is the remainder when 11 is divided by ((-6)/5)/(w/10)?
3
Suppose -3*g + 222 = 3*o, 4*g + o - 141 - 140 = 0. Suppose 79 = -6*q + 223. Calculate the remainder when g is divided by q.
21
Let k = 5 + 3. Let l = 11 - -3. What is the remainder when l is divided by k?
6
Suppose -11 = -2*n + 13. Let m = n + -6. Let z(h) = 3*h - 1. What is the remainder when z(6) is divided by m?
5
Let h = -9 + 9. Let q = h - -14. What is the remainder when 40 is divided by q?
12
Suppose k - p +